{"id":18322,"date":"2022-06-21T08:21:07","date_gmt":"2022-06-21T08:21:07","guid":{"rendered":"http:\/\/shinbukan.hu\/?page_id=18322"},"modified":"2024-01-18T09:14:57","modified_gmt":"2024-01-18T09:14:57","slug":"forditasok","status":"publish","type":"page","link":"https:\/\/shinbukan.hu\/?page_id=18322","title":{"rendered":"Ford\u00edt\u00e1sok"},"content":{"rendered":"<div id=\"pl-18322\"  class=\"panel-layout\" ><div id=\"pg-18322-0\"  class=\"panel-grid panel-no-style\" ><div id=\"pgc-18322-0-0\"  class=\"panel-grid-cell\" ><div id=\"panel-18322-0-0-0\" class=\"so-panel widget_text panel-first-child panel-last-child\" data-index=\"0\" >\t\t\t<div class=\"textwidget\"><p><a href=\"http:\/\/shinbukan.hu\/?page_id=672\">Iaido shinsain no me \u2013 A vizsg\u00e1ztat\u00f3 szeme<\/a><\/p>\n<p><a href=\"http:\/\/shinbukan.hu\/?page_id=18317\">Kusama Junichi: Megnyit\u00f3 besz\u00e9d az EKF Iaido t\u00e1bor &amp; vizsga esem\u00e9ny\u00e9n<\/a><\/p>\n<\/div>\n\t\t<\/div><\/div><\/div><\/div>","protected":false},"excerpt":{"rendered":"<p>Iaido shinsain no me \u2013 A vizsg\u00e1ztat\u00f3 szeme Kusama Junichi: Megnyit\u00f3 besz\u00e9d az EKF Iaido t\u00e1bor &amp; vizsga esem\u00e9ny\u00e9n<\/p>\n","protected":false},"author":2,"featured_media":0,"parent":0,"menu_order":0,"comment_status":"closed","ping_status":"closed","template":"","meta":{"footnotes":""},"class_list":["post-18322","page","type-page","status-publish","hentry"],"_links":{"self":[{"href":"https:\/\/shinbukan.hu\/index.php?rest_route=\/wp\/v2\/pages\/18322","targetHints":{"allow":["GET"]}}],"collection":[{"href":"https:\/\/shinbukan.hu\/index.php?rest_route=\/wp\/v2\/pages"}],"about":[{"href":"https:\/\/shinbukan.hu\/index.php?rest_route=\/wp\/v2\/types\/page"}],"author":[{"embeddable":true,"href":"https:\/\/shinbukan.hu\/index.php?rest_route=\/wp\/v2\/users\/2"}],"replies":[{"embeddable":true,"href":"https:\/\/shinbukan.hu\/index.php?rest_route=%2Fwp%2Fv2%2Fcomments&post=18322"}],"version-history":[{"count":5,"href":"https:\/\/shinbukan.hu\/index.php?rest_route=\/wp\/v2\/pages\/18322\/revisions"}],"predecessor-version":[{"id":18327,"href":"https:\/\/shinbukan.hu\/index.php?rest_route=\/wp\/v2\/pages\/18322\/revisions\/18327"}],"wp:attachment":[{"href":"https:\/\/shinbukan.hu\/index.php?rest_route=%2Fwp%2Fv2%2Fmedia&parent=18322"}],"curies":[{"name":"wp","href":"https:\/\/api.w.org\/{rel}","templated":true}]}}